{"id":1378,"date":"2020-08-12T19:30:09","date_gmt":"2020-08-12T17:30:09","guid":{"rendered":"http:\/\/passionschroniques.fr\/?page_id=1378"},"modified":"2020-08-12T19:47:20","modified_gmt":"2020-08-12T17:47:20","slug":"didier-delinotte","status":"publish","type":"page","link":"https:\/\/passionschroniques.fr\/?page_id=1378","title":{"rendered":"Didier Delinotte"},"content":{"rendered":"\n<p><strong>PASSIONS CHRONIQUES<\/strong><\/p>\n\n\n\n<p><strong>Football \u2013 litt\u00e9rature \u2013 musique et chroniques sociales.<\/strong><\/p>\n\n\n\n<p>Il n\u2019est pas habituel de trouver r\u00e9unis des th\u00e8mes en apparence aussi divers.<\/p>\n\n\n\n<p>En apparence seulement. Ce qui peut faire le lien, c\u2019est certainement le feu des passions et les couleurs d\u00e9lav\u00e9es de la nostalgie. Des passions qui ont accompagn\u00e9 un v\u00e9cu depuis l\u2019enfance, redoublant de vigueur au fil du temps, m\u00eame si de mani\u00e8re diff\u00e9rente.<\/p>\n\n\n\n<p>Le foot d\u2019abord dans les cours de r\u00e9cr\u00e9ation avant les terrains verts, en m\u00eame temps que la bande dessin\u00e9e belge sur les bancs d\u2019\u00e9cole. Une ferveur populaire v\u00e9cue \u00e0 l\u2019ombre du p\u00e8re sur les gradins des stades. L\u2019apprentissage par c\u0153ur du nom des clubs de premi\u00e8re et deuxi\u00e8me division et de leurs joueurs. Leurs maillots, leurs couleurs, leur histoire et une g\u00e9ographie mondiale que j\u2019apprenais \u00e0 travers eux. J\u2019ai support\u00e9 fid\u00e8lement une autre \u00e9quipe que celle de mon p\u00e8re, comme pour \u00e9chapper \u00e0 son autoritarisme, mais la passion devait \u00eatre la m\u00eame.<\/p>\n\n\n\n<p>Aussi banal que cela puisse para\u00eetre, la fin de l\u2019enfance a \u00e9t\u00e9 rendue moins difficile par une conversion brutale au culte du rock, juste apr\u00e8s avoir \u00e9chapp\u00e9 \u00e0 une crise mystique encourag\u00e9e par une m\u00e8re fervente catholique me destinant \u00e0 la pr\u00eatrise. Le rock et ses l\u00e9gendes, ses hymnes, ses h\u00e9ros et ses rituels. D\u2019autres noms \u00e0 apprendre (par c\u0153ur) avec cette fois le danger qui rodait et l\u2019interdit \u00e0 port\u00e9e de main. Des tous premiers simples achet\u00e9s avec parcimonie jusqu\u2019aux montagnes de 33 tours si possible originaux collectionn\u00e9s pour \u00e9tablir l\u2019arch\u00e9ologie approximative d\u2019une civilisation perdue \u2013 dite psych\u00e9d\u00e9lique \u2013 qui n\u2019aura dur\u00e9 que quelques ann\u00e9es lumi\u00e8res.<\/p>\n\n\n\n<p>Deux cultes et deux univers qui portent loin les passions humaines et sur lesquels, aurait dit Antoine Blondin, souffle le vent de l&rsquo;\u00e9pop\u00e9e. Un vent qui n&rsquo;a plus rien des temp\u00eates antiques mais qui sait encore nous apporter une brise consolante, une fra\u00eecheur bienvenue.<\/p>\n\n\n\n<p>Les passions, parfois, se refroidissent avant de rena\u00eetre sous d\u2019autres avatars. C\u2019est ce vice impuni qu\u2019est la lecture qui prit bient\u00f4t toute la place, enfon\u00e7ant ces exercices d\u2019admiration et d\u2019\u00e9rudition d\u00e9sormais jug\u00e9s pu\u00e9rils. La litt\u00e9rature et ses fant\u00f4mes, tous ces auteurs vivants et morts auxquels j\u2019ai m\u00eame eu un temps la pr\u00e9tention de ressembler. Il n\u2019en est rest\u00e9 qu\u2019une demi-douzaine de romans non publi\u00e9s, quelques nouvelles et des biographies de pop stars et de groupes de rock.<\/p>\n\n\n\n<p>\u00ab&nbsp;Et tout le reste est litt\u00e9rature&nbsp;\u00bb, disait Verlaine, celui-l\u00e0 m\u00eame qui voulait \u00ab&nbsp;de la musique avant toute chose&nbsp;\u00bb. Doublement inspir\u00e9, presque proph\u00e9tique.<\/p>\n\n\n\n<p>C&rsquo;est surtout, on l\u2019aura compris, ce reste qui bien s\u00fbr nous int\u00e9resse, ce reste qui compte souvent bien plus que la majeure partie. On trouvera donc ici des nouvelles, des articles sur des auteurs, des critiques de livres. Le tout orient\u00e9 et motiv\u00e9 par des coups de c\u0153ur et des emballements.<\/p>\n\n\n\n<p>Comme on fera son miel de portraits, d&rsquo;histoires, de chroniques, d&rsquo;anecdotes et de l\u00e9gendes sur des chanteurs et chanteuses de rock, des groupes, des producteurs, des managers et ces journalistes de l&rsquo;\u00e9ph\u00e9m\u00e8re qu&rsquo;on a appel\u00e9 un temps rock critiques. On ne s\u2019interdira pas de parler de jazz et d\u2019autres univers musicaux plus r\u00e9cemment d\u00e9couverts.<\/p>\n\n\n\n<p>C\u00f4t\u00e9 foot, on s&rsquo;autorisera quelques commentaires sur les jeux du cirque qu&rsquo;ils sont devenus (transferts, droits TV, marketing) et sur les plaies qu\u2019ils renferment (chauvinisme, racisme, sexisme), mais on dira aussi l\u2019importance du support\u00e9risme et de ses nouvelles formes dans les luttes sociales et les r\u00e9volutions mondiales. On retiendra toujours les clubs historiques, leurs hauts faits d&rsquo;arme et leurs joueurs magiques. Les couleurs bigarr\u00e9es d\u2019une authentique passion populaire.<\/p>\n\n\n\n<p>Mais on n\u2019a pas \u00e9t\u00e9 militant toute sa vie sans que cela ne laisse des traces, des joies collectives et aussi des d\u00e9faites et des blessures. Quelques notes plus politiques sur une vie de syndicaliste et de militant associatif viendront donc en suppl\u00e9ment de programme, pour bien faire le lien entre ces passions parfois tristes et la soci\u00e9t\u00e9 telle qu&rsquo;elle se vit. Le lien avec la politique, l&rsquo;\u00e9conomie, le social, la culture\u2026<\/p>\n\n\n\n<p>Voil\u00e0 en tout cas l&rsquo;ambition, avec le souhait d&rsquo;\u00eatre suivi par quelques esth\u00e8tes nostalgiques et tendres qui me feront parfois l&rsquo;amiti\u00e9 de me lire.<\/p>\n\n\n\n<p>Au risque de leur plaire, donc.<\/p>\n\n\n\n<p><em><u><strong>Didier Delinotte<\/strong><\/u><\/em><\/p>\n\n\n\n<p>n\u00e9 en 1954.<\/p>\n\n\n\n<p>Retrait\u00e9 apr\u00e8s 41 ans de PTT (Poste puis T\u00e9l\u00e9graphe et T\u00e9l\u00e9coms, dans l&rsquo;ordre).<\/p>\n\n\n\n<p>Syndicaliste \u00e0 Solidaires, associatif \u00e0 Attac, politique \u00e0 Ensemble&nbsp;!<\/p>\n\n\n\n<p>Ex pr\u00e9sident Commission Risques psychosociaux C.E Orange Nord&nbsp;; ex pr\u00e9sident Th\u00e9\u00e2tre de l\u2019Opprim\u00e9 Lille&nbsp;; ex pr\u00e9sident Attac Roubaix Tourcoing. Animateur commission Souffrance au travail Solidaires Nord Pas De Calais (OSAT) et association de lecteurs-correspondants Politis Lille.<\/p>\n\n\n\n<p>Lecteur correspondant et membre du Conseil d&rsquo;administration de l&rsquo;hebdomadaire Politis (Association Pour Politis).<\/p>\n\n\n\n<p>Romancier et biographe (une douzaine de biographies rock sorties chez Camion Blanc \u00e9diteur).<\/p>\n\n\n\n<p>Citoyen du Monde.<\/p>\n","protected":false},"excerpt":{"rendered":"<p>PASSIONS CHRONIQUES Football \u2013 litt\u00e9rature \u2013 musique et chroniques sociales. Il n\u2019est pas habituel de trouver r\u00e9unis des th\u00e8mes en apparence aussi divers. En apparence seulement. Ce qui peut faire le lien, c\u2019est certainement le feu des passions et les couleurs d\u00e9lav\u00e9es de la nostalgie. Des passions qui ont accompagn\u00e9 un v\u00e9cu depuis l\u2019enfance, redoublant&#8230;<\/p>\n<div class=\" [&hellip;]\"><a href=\"https:\/\/passionschroniques.fr\/?page_id=1378\">Read More <i class=\"os-icon os-icon-angle-right\"><\/i><\/a><\/div>\n","protected":false},"author":2,"featured_media":0,"parent":0,"menu_order":0,"comment_status":"closed","ping_status":"closed","template":"","meta":[],"_links":{"self":[{"href":"https:\/\/passionschroniques.fr\/index.php?rest_route=\/wp\/v2\/pages\/1378"}],"collection":[{"href":"https:\/\/passionschroniques.fr\/index.php?rest_route=\/wp\/v2\/pages"}],"about":[{"href":"https:\/\/passionschroniques.fr\/index.php?rest_route=\/wp\/v2\/types\/page"}],"author":[{"embeddable":true,"href":"https:\/\/passionschroniques.fr\/index.php?rest_route=\/wp\/v2\/users\/2"}],"replies":[{"embeddable":true,"href":"https:\/\/passionschroniques.fr\/index.php?rest_route=%2Fwp%2Fv2%2Fcomments&post=1378"}],"version-history":[{"count":2,"href":"https:\/\/passionschroniques.fr\/index.php?rest_route=\/wp\/v2\/pages\/1378\/revisions"}],"predecessor-version":[{"id":1396,"href":"https:\/\/passionschroniques.fr\/index.php?rest_route=\/wp\/v2\/pages\/1378\/revisions\/1396"}],"wp:attachment":[{"href":"https:\/\/passionschroniques.fr\/index.php?rest_route=%2Fwp%2Fv2%2Fmedia&parent=1378"}],"curies":[{"name":"wp","href":"https:\/\/api.w.org\/{rel}","templated":true}]}}